{"id":40106,"date":"2025-03-04T15:08:14","date_gmt":"2025-03-04T14:08:14","guid":{"rendered":"https:\/\/petrecycling.ch\/?post_type=aktuelles&#038;p=40106"},"modified":"2025-03-04T15:18:52","modified_gmt":"2025-03-04T14:18:52","slug":"nouveau-numero-petflash-n%cb%9a87","status":"publish","type":"aktuelles","link":"https:\/\/petrecycling.ch\/fr\/actualites\/nouveau-numero-petflash-n%cb%9a87\/","title":{"rendered":"Nouveau num\u00e9ro: PETflash N\u02da87"},"content":{"rendered":"\n<div id=\"bild-block_e56e653cc78e4eb38e2658c9c236940a\" class=\"bild \n pb-5 \">\n      <img decoding=\"async\" class=\"img-fluid\" src=\"https:\/\/petrecycling.ch\/wp-content\/uploads\/2025\/03\/NL_Cover_87.jpg\" alt=\"\" loading=\"lazy\">\n  <\/div>\n\n\n<div id=\"text-block_7b1dc2535f94624ef0e38e94e43a7b49\" class=\"text \n pb-5\">\n  <div class=\"fs-body-text wysiwyg\">\n    <p><strong>Un nouveau num\u00e9ro du magazine PETflash est arriv\u00e9.<\/strong> Dans ce num\u00e9ro de printemps, vous pourrez lire des articles int\u00e9ressants sur ces sujets, entre autres: Le Grand Mythen est aussi un point de collecte du PET, E-Mobility, La preuve de l&rsquo;engagement \u00e9cologique.<\/p>\n<p>&nbsp;<\/p>\n<p><strong>Lisez le nouveau num\u00e9ro <a href=\"https:\/\/petrecycling.ch\/fr\/petflash\/e-petflash\/nr-87-mars-2025\/\">en ligne<\/a> d\u00e8s maintenant ou <a href=\"https:\/\/petrecycling.ch\/fr\/petflash__trashed\/inscription-petflash\/\">abonnez-vous<\/a> au magazine par courrier ou par newsletter.<\/strong><\/p>\n  <\/div>\n<\/div>\n\n\n<div id=\"links-block_6e5a9ecaf86cc20c3df6c9509fce605a\" class=\"links \n pb-5\">\n      <div class=\"links\">\n                        <div class=\"link-btn-primary-wrapper\">\n                          <a href=\"https:\/\/petrecycling.ch\/fr\/petflash\/e-petflash\/nr-87-mars-2025\/\" target=\"_self\" class=\"link-btn-primary\">\n                                  <span>\n                    D\u00e9couvrez-le maintenant!                  <\/span>\n                              <\/a>\n                      <\/div>\n                  <\/div>\n  \n<\/div>","protected":false},"template":"","aktuelles-kategorie":[94,96,99,102,103,61,54],"class_list":{"0":"post-40106","1":"aktuelles","2":"type-aktuelles","3":"status-publish","4":"hentry","5":"aktuelles-kategorie-actualites","6":"aktuelles-kategorie-pet-flash","7":"aktuelles-kategorie-a-notre-sujet","8":"aktuelles-kategorie-le-secteur-du-plastique","9":"aktuelles-kategorie-le-monde-du-recyclage","11":"aktuelles-kategorie-recycling-welt"},"acf":[],"yoast_head":"<!-- This site is optimized with the Yoast SEO plugin v27.5 - https:\/\/yoast.com\/product\/yoast-seo-wordpress\/ -->\n<title>Nouveau num\u00e9ro: PETflash N\u02da87 - PET-Recycling Schweiz<\/title>\n<meta name=\"description\" content=\"Dans ce num\u00e9ro de printemps, vous pourrez lire des articles int\u00e9ressants sur ces sujets, entre autres: Le Grand Mythen est aussi un point de collecte du PET, E-Mobility, La preuve de l&#039;engagement \u00e9cologique.\" \/>\n<meta name=\"robots\" content=\"index, follow, max-snippet:-1, max-image-preview:large, max-video-preview:-1\" \/>\n<link rel=\"canonical\" href=\"https:\/\/petrecycling.ch\/fr\/actualites\/nouveau-numero-petflash-n%cb%9a87\/\" \/>\n<meta property=\"og:locale\" content=\"fr_FR\" \/>\n<meta property=\"og:type\" content=\"article\" \/>\n<meta property=\"og:title\" content=\"Nouveau num\u00e9ro: PETflash N\u02da87 - PET-Recycling Schweiz\" \/>\n<meta property=\"og:description\" content=\"Dans ce num\u00e9ro de printemps, vous pourrez lire des articles int\u00e9ressants sur ces sujets, entre autres: Le Grand Mythen est aussi un point de collecte du PET, E-Mobility, La preuve de l&#039;engagement \u00e9cologique.\" \/>\n<meta property=\"og:url\" content=\"https:\/\/petrecycling.ch\/fr\/actualites\/nouveau-numero-petflash-n%cb%9a87\/\" \/>\n<meta property=\"og:site_name\" content=\"PET-Recycling Schweiz\" \/>\n<meta property=\"article:publisher\" content=\"https:\/\/www.facebook.com\/petrecyclingschweiz\/\" \/>\n<meta property=\"article:modified_time\" content=\"2025-03-04T14:18:52+00:00\" \/>\n<meta name=\"twitter:card\" content=\"summary_large_image\" \/>\n<script type=\"application\/ld+json\" class=\"yoast-schema-graph\">{\"@context\":\"https:\\\/\\\/schema.org\",\"@graph\":[{\"@type\":\"WebPage\",\"@id\":\"https:\\\/\\\/petrecycling.ch\\\/fr\\\/actualites\\\/nouveau-numero-petflash-n%cb%9a87\\\/\",\"url\":\"https:\\\/\\\/petrecycling.ch\\\/fr\\\/actualites\\\/nouveau-numero-petflash-n%cb%9a87\\\/\",\"name\":\"Nouveau num\u00e9ro: PETflash N\u02da87 - PET-Recycling Schweiz\",\"isPartOf\":{\"@id\":\"https:\\\/\\\/petrecycling.ch\\\/fr\\\/#website\"},\"datePublished\":\"2025-03-04T14:08:14+00:00\",\"dateModified\":\"2025-03-04T14:18:52+00:00\",\"description\":\"Dans ce num\u00e9ro de printemps, vous pourrez lire des articles int\u00e9ressants sur ces sujets, entre autres: Le Grand Mythen est aussi un point de collecte du PET, E-Mobility, La preuve de l'engagement \u00e9cologique.\",\"breadcrumb\":{\"@id\":\"https:\\\/\\\/petrecycling.ch\\\/fr\\\/actualites\\\/nouveau-numero-petflash-n%cb%9a87\\\/#breadcrumb\"},\"inLanguage\":\"fr-FR\",\"potentialAction\":[{\"@type\":\"ReadAction\",\"target\":[\"https:\\\/\\\/petrecycling.ch\\\/fr\\\/actualites\\\/nouveau-numero-petflash-n%cb%9a87\\\/\"]}]},{\"@type\":\"BreadcrumbList\",\"@id\":\"https:\\\/\\\/petrecycling.ch\\\/fr\\\/actualites\\\/nouveau-numero-petflash-n%cb%9a87\\\/#breadcrumb\",\"itemListElement\":[{\"@type\":\"ListItem\",\"position\":1,\"name\":\"Startseite\",\"item\":\"https:\\\/\\\/petrecycling.ch\\\/fr\\\/\"},{\"@type\":\"ListItem\",\"position\":2,\"name\":\"Actualit\u00e9s\",\"item\":\"https:\\\/\\\/petrecycling.ch\\\/fr\\\/actualites\\\/\"},{\"@type\":\"ListItem\",\"position\":3,\"name\":\"Nouveau num\u00e9ro: PETflash N\u02da87\"}]},{\"@type\":\"WebSite\",\"@id\":\"https:\\\/\\\/petrecycling.ch\\\/fr\\\/#website\",\"url\":\"https:\\\/\\\/petrecycling.ch\\\/fr\\\/\",\"name\":\"PET-Recycling Schweiz\",\"description\":\"Verein PRS PET-Recycling Schweiz a \u00e9t\u00e9 fond\u00e9e en 1990 et s&#039;occupe de la collecte et du recyclage des bouteilles en PET pour boissons.\",\"publisher\":{\"@id\":\"https:\\\/\\\/petrecycling.ch\\\/fr\\\/#organization\"},\"potentialAction\":[{\"@type\":\"SearchAction\",\"target\":{\"@type\":\"EntryPoint\",\"urlTemplate\":\"https:\\\/\\\/petrecycling.ch\\\/fr\\\/?s={search_term_string}\"},\"query-input\":{\"@type\":\"PropertyValueSpecification\",\"valueRequired\":true,\"valueName\":\"search_term_string\"}}],\"inLanguage\":\"fr-FR\"},{\"@type\":\"Organization\",\"@id\":\"https:\\\/\\\/petrecycling.ch\\\/fr\\\/#organization\",\"name\":\"Verein PRS PET-Recycling Schweiz\",\"alternateName\":\"PET-Recycling Schweiz\",\"url\":\"https:\\\/\\\/petrecycling.ch\\\/fr\\\/\",\"logo\":{\"@type\":\"ImageObject\",\"inLanguage\":\"fr-FR\",\"@id\":\"https:\\\/\\\/petrecycling.ch\\\/fr\\\/#\\\/schema\\\/logo\\\/image\\\/\",\"url\":\"https:\\\/\\\/petrecycling.ch\\\/wp-content\\\/uploads\\\/2023\\\/07\\\/PET_large_rgb.webp\",\"contentUrl\":\"https:\\\/\\\/petrecycling.ch\\\/wp-content\\\/uploads\\\/2023\\\/07\\\/PET_large_rgb.webp\",\"width\":1197,\"height\":1197,\"caption\":\"Verein PRS PET-Recycling Schweiz\"},\"image\":{\"@id\":\"https:\\\/\\\/petrecycling.ch\\\/fr\\\/#\\\/schema\\\/logo\\\/image\\\/\"},\"sameAs\":[\"https:\\\/\\\/www.facebook.com\\\/petrecyclingschweiz\\\/\",\"https:\\\/\\\/www.linkedin.com\\\/company\\\/pet-recycling-schweiz\\\/\",\"https:\\\/\\\/www.tiktok.com\\\/@prs_petrecycling.ch\"]}]}<\/script>\n<!-- \/ Yoast SEO plugin. -->","yoast_head_json":{"title":"Nouveau num\u00e9ro: PETflash N\u02da87 - PET-Recycling Schweiz","description":"Dans ce num\u00e9ro de printemps, vous pourrez lire des articles int\u00e9ressants sur ces sujets, entre autres: Le Grand Mythen est aussi un point de collecte du PET, E-Mobility, La preuve de l'engagement \u00e9cologique.","robots":{"index":"index","follow":"follow","max-snippet":"max-snippet:-1","max-image-preview":"max-image-preview:large","max-video-preview":"max-video-preview:-1"},"canonical":"https:\/\/petrecycling.ch\/fr\/actualites\/nouveau-numero-petflash-n%cb%9a87\/","og_locale":"fr_FR","og_type":"article","og_title":"Nouveau num\u00e9ro: PETflash N\u02da87 - PET-Recycling Schweiz","og_description":"Dans ce num\u00e9ro de printemps, vous pourrez lire des articles int\u00e9ressants sur ces sujets, entre autres: Le Grand Mythen est aussi un point de collecte du PET, E-Mobility, La preuve de l'engagement \u00e9cologique.","og_url":"https:\/\/petrecycling.ch\/fr\/actualites\/nouveau-numero-petflash-n%cb%9a87\/","og_site_name":"PET-Recycling Schweiz","article_publisher":"https:\/\/www.facebook.com\/petrecyclingschweiz\/","article_modified_time":"2025-03-04T14:18:52+00:00","twitter_card":"summary_large_image","schema":{"@context":"https:\/\/schema.org","@graph":[{"@type":"WebPage","@id":"https:\/\/petrecycling.ch\/fr\/actualites\/nouveau-numero-petflash-n%cb%9a87\/","url":"https:\/\/petrecycling.ch\/fr\/actualites\/nouveau-numero-petflash-n%cb%9a87\/","name":"Nouveau num\u00e9ro: PETflash N\u02da87 - PET-Recycling Schweiz","isPartOf":{"@id":"https:\/\/petrecycling.ch\/fr\/#website"},"datePublished":"2025-03-04T14:08:14+00:00","dateModified":"2025-03-04T14:18:52+00:00","description":"Dans ce num\u00e9ro de printemps, vous pourrez lire des articles int\u00e9ressants sur ces sujets, entre autres: Le Grand Mythen est aussi un point de collecte du PET, E-Mobility, La preuve de l'engagement \u00e9cologique.","breadcrumb":{"@id":"https:\/\/petrecycling.ch\/fr\/actualites\/nouveau-numero-petflash-n%cb%9a87\/#breadcrumb"},"inLanguage":"fr-FR","potentialAction":[{"@type":"ReadAction","target":["https:\/\/petrecycling.ch\/fr\/actualites\/nouveau-numero-petflash-n%cb%9a87\/"]}]},{"@type":"BreadcrumbList","@id":"https:\/\/petrecycling.ch\/fr\/actualites\/nouveau-numero-petflash-n%cb%9a87\/#breadcrumb","itemListElement":[{"@type":"ListItem","position":1,"name":"Startseite","item":"https:\/\/petrecycling.ch\/fr\/"},{"@type":"ListItem","position":2,"name":"Actualit\u00e9s","item":"https:\/\/petrecycling.ch\/fr\/actualites\/"},{"@type":"ListItem","position":3,"name":"Nouveau num\u00e9ro: PETflash N\u02da87"}]},{"@type":"WebSite","@id":"https:\/\/petrecycling.ch\/fr\/#website","url":"https:\/\/petrecycling.ch\/fr\/","name":"PET-Recycling Schweiz","description":"Verein PRS PET-Recycling Schweiz a \u00e9t\u00e9 fond\u00e9e en 1990 et s&#039;occupe de la collecte et du recyclage des bouteilles en PET pour boissons.","publisher":{"@id":"https:\/\/petrecycling.ch\/fr\/#organization"},"potentialAction":[{"@type":"SearchAction","target":{"@type":"EntryPoint","urlTemplate":"https:\/\/petrecycling.ch\/fr\/?s={search_term_string}"},"query-input":{"@type":"PropertyValueSpecification","valueRequired":true,"valueName":"search_term_string"}}],"inLanguage":"fr-FR"},{"@type":"Organization","@id":"https:\/\/petrecycling.ch\/fr\/#organization","name":"Verein PRS PET-Recycling Schweiz","alternateName":"PET-Recycling Schweiz","url":"https:\/\/petrecycling.ch\/fr\/","logo":{"@type":"ImageObject","inLanguage":"fr-FR","@id":"https:\/\/petrecycling.ch\/fr\/#\/schema\/logo\/image\/","url":"https:\/\/petrecycling.ch\/wp-content\/uploads\/2023\/07\/PET_large_rgb.webp","contentUrl":"https:\/\/petrecycling.ch\/wp-content\/uploads\/2023\/07\/PET_large_rgb.webp","width":1197,"height":1197,"caption":"Verein PRS PET-Recycling Schweiz"},"image":{"@id":"https:\/\/petrecycling.ch\/fr\/#\/schema\/logo\/image\/"},"sameAs":["https:\/\/www.facebook.com\/petrecyclingschweiz\/","https:\/\/www.linkedin.com\/company\/pet-recycling-schweiz\/","https:\/\/www.tiktok.com\/@prs_petrecycling.ch"]}]}},"_links":{"self":[{"href":"https:\/\/petrecycling.ch\/fr\/wp-json\/wp\/v2\/aktuelles\/40106","targetHints":{"allow":["GET"]}}],"collection":[{"href":"https:\/\/petrecycling.ch\/fr\/wp-json\/wp\/v2\/aktuelles"}],"about":[{"href":"https:\/\/petrecycling.ch\/fr\/wp-json\/wp\/v2\/types\/aktuelles"}],"wp:attachment":[{"href":"https:\/\/petrecycling.ch\/fr\/wp-json\/wp\/v2\/media?parent=40106"}],"wp:term":[{"taxonomy":"aktuelles-kategorie","embeddable":true,"href":"https:\/\/petrecycling.ch\/fr\/wp-json\/wp\/v2\/aktuelles-kategorie?post=40106"}],"curies":[{"name":"wp","href":"https:\/\/api.w.org\/{rel}","templated":true}]}}

Nouveau numéro: PETflash N˚87

<div id="bild-block_e56e653cc78e4eb38e2658c9c236940a" class="bild 
 pb-5 ">
      <img decoding="async" class="img-fluid" src="https://petrecycling.ch/wp-content/uploads/2025/03/NL_Cover_87.jpg" alt="" loading="lazy">
  </div>


<div id="text-block_7b1dc2535f94624ef0e38e94e43a7b49" class="text 
 pb-5">
  <div class="fs-body-text wysiwyg">
    <p><strong>Un nouveau numéro du magazine PETflash est arrivé.</strong> Dans ce numéro de printemps, vous pourrez lire des articles intéressants sur ces sujets, entre autres: Le Grand Mythen est aussi un point de collecte du PET, E-Mobility, La preuve de l&rsquo;engagement écologique.</p>
<p>&nbsp;</p>
<p><strong>Lisez le nouveau numéro <a href="https://petrecycling.ch/fr/petflash/e-petflash/nr-87-mars-2025/">en ligne</a> dès maintenant ou <a href="https://petrecycling.ch/fr/petflash__trashed/inscription-petflash/">abonnez-vous</a> au magazine par courrier ou par newsletter.</strong></p>
  </div>
</div>


<div id="links-block_6e5a9ecaf86cc20c3df6c9509fce605a" class="links 
 pb-5">
      <div class="links">
                        <div class="link-btn-primary-wrapper">
                          <a href="https://petrecycling.ch/fr/petflash/e-petflash/nr-87-mars-2025/" target="_self" class="link-btn-primary">
                                  <span>
                    Découvrez-le maintenant!                  </span>
                              </a>
                      </div>
                  </div>
  
</div>

<!-- This site is optimized with the Yoast SEO plugin v27.5 - https://yoast.com/product/yoast-seo-wordpress/ -->
<title>Nouveau numéro: PETflash N˚87 - PET-Recycling Schweiz</title>
<meta name="description" content="Dans ce numéro de printemps, vous pourrez lire des articles intéressants sur ces sujets, entre autres: Le Grand Mythen est aussi un point de collecte du PET, E-Mobility, La preuve de l&#039;engagement écologique." />
<meta name="robots" content="index, follow, max-snippet:-1, max-image-preview:large, max-video-preview:-1" />
<link rel="canonical" href="https://petrecycling.ch/fr/actualites/nouveau-numero-petflash-n%cb%9a87/" />
<meta property="og:locale" content="fr_FR" />
<meta property="og:type" content="article" />
<meta property="og:title" content="Nouveau numéro: PETflash N˚87 - PET-Recycling Schweiz" />
<meta property="og:description" content="Dans ce numéro de printemps, vous pourrez lire des articles intéressants sur ces sujets, entre autres: Le Grand Mythen est aussi un point de collecte du PET, E-Mobility, La preuve de l&#039;engagement écologique." />
<meta property="og:url" content="https://petrecycling.ch/fr/actualites/nouveau-numero-petflash-n%cb%9a87/" />
<meta property="og:site_name" content="PET-Recycling Schweiz" />
<meta property="article:publisher" content="https://www.facebook.com/petrecyclingschweiz/" />
<meta property="article:modified_time" content="2025-03-04T14:18:52+00:00" />
<meta name="twitter:card" content="summary_large_image" />
<script type="application/ld+json" class="yoast-schema-graph">{"@context":"https:\/\/schema.org","@graph":[{"@type":"WebPage","@id":"https:\/\/petrecycling.ch\/fr\/actualites\/nouveau-numero-petflash-n%cb%9a87\/","url":"https:\/\/petrecycling.ch\/fr\/actualites\/nouveau-numero-petflash-n%cb%9a87\/","name":"Nouveau numéro: PETflash N˚87 - PET-Recycling Schweiz","isPartOf":{"@id":"https:\/\/petrecycling.ch\/fr\/#website"},"datePublished":"2025-03-04T14:08:14+00:00","dateModified":"2025-03-04T14:18:52+00:00","description":"Dans ce numéro de printemps, vous pourrez lire des articles intéressants sur ces sujets, entre autres: Le Grand Mythen est aussi un point de collecte du PET, E-Mobility, La preuve de l'engagement écologique.","breadcrumb":{"@id":"https:\/\/petrecycling.ch\/fr\/actualites\/nouveau-numero-petflash-n%cb%9a87\/#breadcrumb"},"inLanguage":"fr-FR","potentialAction":[{"@type":"ReadAction","target":["https:\/\/petrecycling.ch\/fr\/actualites\/nouveau-numero-petflash-n%cb%9a87\/"]}]},{"@type":"BreadcrumbList","@id":"https:\/\/petrecycling.ch\/fr\/actualites\/nouveau-numero-petflash-n%cb%9a87\/#breadcrumb","itemListElement":[{"@type":"ListItem","position":1,"name":"Startseite","item":"https:\/\/petrecycling.ch\/fr\/"},{"@type":"ListItem","position":2,"name":"Actualités","item":"https:\/\/petrecycling.ch\/fr\/actualites\/"},{"@type":"ListItem","position":3,"name":"Nouveau numéro: PETflash N˚87"}]},{"@type":"WebSite","@id":"https:\/\/petrecycling.ch\/fr\/#website","url":"https:\/\/petrecycling.ch\/fr\/","name":"PET-Recycling Schweiz","description":"Verein PRS PET-Recycling Schweiz a été fondée en 1990 et s&#039;occupe de la collecte et du recyclage des bouteilles en PET pour boissons.","publisher":{"@id":"https:\/\/petrecycling.ch\/fr\/#organization"},"potentialAction":[{"@type":"SearchAction","target":{"@type":"EntryPoint","urlTemplate":"https:\/\/petrecycling.ch\/fr\/?s={search_term_string}"},"query-input":{"@type":"PropertyValueSpecification","valueRequired":true,"valueName":"search_term_string"}}],"inLanguage":"fr-FR"},{"@type":"Organization","@id":"https:\/\/petrecycling.ch\/fr\/#organization","name":"Verein PRS PET-Recycling Schweiz","alternateName":"PET-Recycling Schweiz","url":"https:\/\/petrecycling.ch\/fr\/","logo":{"@type":"ImageObject","inLanguage":"fr-FR","@id":"https:\/\/petrecycling.ch\/fr\/#\/schema\/logo\/image\/","url":"https:\/\/petrecycling.ch\/wp-content\/uploads\/2023\/07\/PET_large_rgb.webp","contentUrl":"https:\/\/petrecycling.ch\/wp-content\/uploads\/2023\/07\/PET_large_rgb.webp","width":1197,"height":1197,"caption":"Verein PRS PET-Recycling Schweiz"},"image":{"@id":"https:\/\/petrecycling.ch\/fr\/#\/schema\/logo\/image\/"},"sameAs":["https:\/\/www.facebook.com\/petrecyclingschweiz\/","https:\/\/www.linkedin.com\/company\/pet-recycling-schweiz\/","https:\/\/www.tiktok.com\/@prs_petrecycling.ch"]}]}</script>
<!-- / Yoast SEO plugin. -->

Nouveau numéro: PETflash N˚87 - PET-Recycling Schweiz

Dans ce numéro de printemps, vous pourrez lire des articles intéressants sur ces sujets, entre autres: Le Grand Mythen est aussi un point de collecte du PET, E-Mobility, La preuve de l'engagement écologique.

Actualités

Verein PRS PET-Recycling Schweiz a été fondée en 1990 et s&#039;occupe de la collecte et du recyclage des bouteilles en PET pour boissons.
